4) to base 3
2200
Convert 0 (base 10) to base 6.
0
What is 1 (base 9) in base 6?
1
-3 (base 13) to base 16
-3
What is 1 (base 10) in base 3?
1
What is 11 (base 4) in base 5?
10
Convert -10 (base 6) to base 14.
-6
What is 14a (base 13) in base 6?
1023
Convert -1 (base 7) to base 11.
-1
86 (base 10) to base 14
62
Convert -4 (base 14) to base 10.
-4
What is 100 (base 3) in base 14?
9
What is -74 (base 12) in base 9?
-107
What is 3 (base 8) in base 16?
3
What is -5 (base 6) in base 8?
-5
What is 2 (base 3) in base 15?
2
What is 122 (base 5) in base 15?
27
Convert a (base 16) to base 5.
20
What is 0 (base 2) in base 11?
0
1 (base 10) to base 9
1
What is 0 (base 9) in base 16?
0
2 (base 4) to base 14
2
274 (base 8) to base 3
20222
What is -4 (base 14) in base 15?
-4
What is -5 (base 7) in base 6?
-5
Convert 6 (base 7) to base 6.
10
-34 (base 6) to base 14
-18
-61 (base 10) to base 3
-2021
Convert -3 (base 13) to base 7.
-3
Convert -7 (base 14) to base 9.
-7
Convert 2 (base 14) to base 16.
2
Convert 27 (base 13) to base 10.
33
11 (base 3) to base 10
4
What is 1001001 (base 2) in base 16?
49
Convert 14 (base 10) to base 7.
20
What is 4 (base 11) in base 8?
4
What is 136 (base 7) in base 13?
5b
What is -4 (base 16) in base 12?
-4
Convert 6 (base 9) to base 15.
6
Convert -10 (base 7) to base 13.
-7
bb (base 12) to base 16
8f
-10 (base 8) to base 16
-8
Convert -167 (base 8) to base 11.
-a9
Convert -12 (base 8) to base 7.
-13
Convert 13 (base 10) to base 15.
d
Convert 100 (base 2) to base 8.
4
-2 (base 12) to base 16
-2
5 (base 7) to base 13
5
Convert a (base 11) to base 14.
a
What is -220 (base 4) in base 3?
-1111
-1 (base 9) to base 10
-1
What is 2 (base 11) in base 16?
2
-115 (base 7) to base 8
-75
What is -7 (base 10) in base 15?
-7
Convert -3 (base 11) to base 8.
-3
-1 (base 13) to base 16
-1
Convert -1105 (base 6) to base 8.
-401
Convert -11 (base 7) to base 14.
-8
What is 231 (base 4) in base 3?
1200
Convert 41 (base 6) to base 2.
11001
1d (base 14) to base 15
1c
Convert -12 (base 14) to base 11.
-15
What is -c (base 13) in base 9?
-13
-1 (base 3) to base 12
-1
Convert 2a (base 15) to base 5.
130
What is 1a (base 13) in base 10?
23
What is -5d (base 16) in base 8?
-135
Convert 216 (base 8) to base 2.
10001110
141 (base 5) to base 15
31
Convert 12 (base 6) to base 15.
8
-4 (base 7) to base 10
-4
What is -1b (base 14) in base 3?
-221
What is -3 (base 5) in base 11?
-3
1 (base 4) to base 3
1
What is -76 (base 8) in base 12?
-52
1 (base 12) to base 11
1
Convert 23b (base 13) to base 14.
1da
1 (base 12) to base 8
1
32 (base 12) to base 15
28
-33 (base 16) to base 2
-110011
What is -10 (base 7) in base 16?
-7
Convert 17 (base 13) to base 5.
40
What is 102 (base 4) in base 9?
20
What is 2 (base 8) in base 11?
2
3 (base 14) to base 5
3
Convert 9 (base 11) to base 3.
100
-75 (base 16) to base 13
-90
Convert -9 (base 13) to base 16.
-9
What is -30 (base 8) in base 6?
-40
153 (base 7) to base 3
10020
What is -1011 (base 2) in base 12?
-b
Convert c (base 16) to base 6.
20
-2 (base 5) to base 9
-2
3e (base 15) to base 14
43
Convert -3 (base 8) to base 4.
-3
1233 (base 4) to base 6
303
Convert 10 (base 5) to base 8.
5
1 (base 9) to base 5
1
What is -21 (base 4) in base 14?
-9
What is 17 (base 13) in base 12?
18
18 (base 16) to base 8
30
Convert 1 (base 15) to base 9.
1
Convert -132 (base 4) to base 16.
-1e
5 (base 15) to base 4
11
10 (base 7) to base 15
7
Convert -2 (base 5) to base 16.
-2
What is -15 (base 13) in base 14?
-14
What is 4 (base 11) in base 3?
11
Convert -5 (base 15) to base 13.
-5
324 (base 10) to base 6
1300
Convert -144 (base 5) to base 15.
-34
42 (base 12) to base 5
200
Convert -110 (base 2) to base 7.
-6
What is -12 (base 3) in base 13?
-5
What is -19 (base 16) in base 8?
-31
Convert -12 (base 10) to base 12.
-10
What is -3000 (base 4) in base 3?
-21010
What is 20 (base 12) in base 11?
22
-35 (base 13) to base 6
-112
What is 2201 (base 4) in base 10?
161
Convert -7 (base 12) to base 2.
-111
What is 7 (base 8) in base 7?
10
Convert 21 (base 16) to base 9.
36
4 (base 6) to base 8
4
Convert -22 (base 11) to base 4.
-120
What is -111 (base 2) in base 12?
-7
11 (base 6) to base 16
7
What is 1005 (base 6) in base 15?
eb
What is -5 (base 12) in base 3?
-12
What is 1110101 (base 2) in base 6?
313
What is 2 (base 12) in base 15?
2
-111101 (base 3) to base 14
-1bb
Convert -16 (base 7) to base 16.
-d
What is -22 (base 10) in base 2?
-10110
What is -24 (base 11) in base 13?
-20
Convert 103 (base 5) to base 11.
26
What is -23 (base 6) in base 5?
-30
-24 (base 6) to base 2
-10000
Convert -3 (base 16) to base 5.
-3
Convert -21 (base 7) to base 11.
-14
0 (base 15) to base 8
0
What is 11 (base 9) in base 7?
13
Convert -12120 (base 3) to base 12.
-106
Convert -1 (base 7) to base 4.
-1
Convert 30 (base 5) to base 8.
17
-4 (base 5) to base 16
-4
Convert 134 (base 6) to base 2.
111010
What is 87 (base 16) in base 5?
1020
What is 17 (base 9) in base 4?
100
130 (base 6) to base 7
105
a6 (base 14) to base 13
b3
23 (base 10) to base 16
17
What is 10000 (base 2) in base 9?
17
What is -10 (base 8) in base 6?
-12
Convert 9e (base 15) to base 7.
302
Convert 21 (base 8) to base 9.
18
What is 6 (base 8) in base 11?
6
Convert 10 (base 4) to base 3.
11
10c (base 16) to base 15
12d
Convert 1d (base 15) to base 9.
31
What is 9 (base 10) in base 16?
9
-5 (base 10) to base 6
-5
101 (base 3) to base 14
a
What is -5a (base 11) in base 6?
-145
What is 3 (base 15) in base 12?
3
Convert -10000100 (base 2) to base 15.
-8c
What is 10 (base 10) in base 6?
14
-6 (base 15) to base 14
-6
Convert a (base 16) to base 12.
a
-1 (base 4) to base 16
-1
Convert 0 (base 3) to base 11.
0
Convert -15 (base 8) to base 3.
-111
Convert 41 (base 7) to base 11.
27
Convert 29 (base 12) to base 10.
33
-2 (base 4) to base 3
-2
Convert 1001001 (base 2) to base 5.
243
What is -2 (base 13) in base 16?
-2
What is -5 (base 16) in base 13?
-5
Convert -6a (base 12) to base 14.
-5c
What is 2 (base 3) in base 14?
2
4 (base 15) to base 3
11
Convert -11 (base 11) to base 2.
-1100
Convert 19 (base 10) to base 16.
13
Convert -50 (base 8) to base 12.
-34
Convert b (base 15) to base 3.
102
2110 (base 3) to base 10
66
Convert 0 (base 11) to base 2.
0
-10 (base 2) to base 5
-2
What is -13 (base 4) in base 16?
-7
-11 (base 7) to base 9
-8
Convert -3 (base 16) to base 10.
-3
18 (base 9) to base 3
122
What is -1111001 (base 2) in base 12?
-a1
15 (base 10) to base 9
16
What is 51 (base 13) in base 2?
1000010
Convert -101 (base 5) to base 14.
-1c
2 (base 14) to base 9
2
-20 (base 5) to base 9
-11
What is a5 (base 13) in base 6?
343
What is 53 (base 12) in base 9?
70
10 (base 3) to base 6
3
What is -13 (base 7) in base 11?
-a
Convert -b (base 16) to base 4.
-23
-96 (base 15) to base 7
-261
-101 (base 2) to base 16
-5
-1 (base 3) to base 2
-1
What is 0 (base 9) in base 6?
0
-222 (base 3) to base 15
-1b
-1 (base 8) to base 4
-1
What is 10 (base 3) in base 10?
3
What is -102 (base 4) in base 8?
-22
Convert -11122 (base 3) to base 11.
-104
-2 (base 6) to base 3
-2
Convert 6 (base 15) to base 16.
6
-9 (base 13) to base 11
-9
1324 (base 6) to base 10
340
Convert -8 (base 13) to base 9.
-8
Convert -100010 (base 2) to base 7.
-46
What is -7b (base 15) in base 9?
-138
What is -12 (base 3) in base 10?
-5
111 (base 3) to base 15
d
9 (base 10) to base 5
14
What is -1333 (base 5) in base 15?
-e8
What is 5a (base 16) in base 7?
156
What is -a3 (base 11) in base 8?
-161
3 (base 16) to base 7
3
What is -23 (base 4) in base 11?
-10
What is -443 (base 6) in base 9?
-210
Convert 0 (base 12) to base 5.
0
Convert 2 (base 7) to base 3.
2
-8a (base 12) to base 4
-1222
-31 (base 11) to base 13
-28
Convert -5 (base 6) to base 13.
-5
Convert 2002 (base 4) to base 6.
334
What is 10 (base 4) in base 2?
100
-10 (base 13) to base 8
-15
40 (base 5) to base 11
19
110 (base 2) to base 14
6
What is 10 (base 4) in base 16?
4
What is 1243 (base 5) in base 11?
170
1 (base 16) to base 5
1
What is -1331 (base 4) in base 16?
-7d
Convert 2 (base 7) to base 10.
2
Convert -4 (base 12) to base 2.
-100
Convert -4 (base 13) to base 3.
-11
-12 (base 10) to base 11
-11
Convert -240 (base 5) to base 3.
-2121
Convert -12 (base 6) to base 8.
-10
Convert 100 (base 2) to base 5